 - 29) - 91?
-70
What is 155 + 111 + -301 - (61 + 1)?
-97
What is the value of -46 - 23 - (-26 - 133)?
90
What is the value of (4 + (0 - 39) - (-111 - -110)) + -13?
-47
-8 + (18 - (-19 - (7 + -9) - -8)) + 4
23
-1 + 7 + (-13 - (-1 + -4 + -2))
0
(7 - -9) + -7 + 38 + -12 + -19
16
-90 + -132 + 219 - (0 - 66)
63
Evaluate (74 - (27 + -48 - -44)) + 8.
59
-39 + 35 + (-38 - 8)
-50
Evaluate 35 - 1 - (-13 - 16 - -6 - -15).
42
What is 18 + (-9 - -7) + (-56 + 35 - (-7 - 2))?
4
Evaluate 63 - ((-61 - -67) + -1 + -8 + 6).
60
Evaluate (-3 - -134 - 2) + (154 - (121 - -20)).
142
What is -11 - (-57 - -21) - 1 - (5 - -1)?
18
What is -16 + 65 - (-11 + (2 - -3) - -8)?
47
Evaluate -24 + (-23 + 39 + 6 - -105).
103
Evaluate (43 - -2) + -29 + (-1 + -5 - -10).
20
Calculate (92 - 194 - -169) + (-2 - 15).
50
What is the value of 40 - 86 - -64 - (86 - (6 + -2))?
-64
Calculate (-5463 - -5429) + (-2 + -18 - 2).
-56
What is the value of 30 - 3 - -2 - 21 - 34?
-26
Calculate 1 + -5 + (-5 - 30 - -33).
-6
-44 - (-5 - (17 - (8 + -2))) - -10
-18
Calculate 104 + (-133 - -36) - (-5 - -1) - (24 - -2).
-15
(16 - 3) + 49 + -62 + 5 + -16
-11
Calculate (-21 - -80) + -72 - 60.
-73
What is -12 + 50 - 11 - 51?
-24
What is (17 - (-9 - 5 - (-6 + -11))) + -50?
-36
Calculate -6 + (-50 - (57 - (-6 + 53))).
-66
-8753 - -8817 - (0 + 34)
30
What is 1 + (4 - (-33 + 10))?
28
What is the value of 4 + (43 - 79 - -97)?
65
What is the value of -55 - ((-3 - 2) + (-38 - -64))?
-76
What is -51 + 67 + 10 + -57?
-31
Calculate (46 - (12 + 0)) + (5 - (2 + -8) - 4).
41
What is the value of -33 + 31 + (17 - (21 + -12)) + -3 + 62?
65
51 - (84 + (-1 - 38))
6
Calculate 72 + -1 - (7329 - 7319).
61
62 - (1 + -1 - (16 + (-49 - -2 - -20)))
51
-10 + -3 + 52 + -39
0
Calculate 2 + -91 + 134 - 5.
40
Evaluate 15 - 17 - 4 - ((-11 - -17) + -21 - -11).
-2
What is the value of -9 + -1 + 1 - 6 - -14 - -10?
9
(14 - 12) + (18 + (-20 - -29) - (3 + 1))
25
Calculate -21 - (-8 + 13 + (-51 - -22)).
3
Calculate -28 + 17 + -4 - -37 - 11.
11
Evaluate -1 + 3 + -11 + -3 + (-25 - (-55 - 54)).
72
Evaluate 41 - (-18 - -56) - (47 - 1).
-43
Evaluate (12 - 30) + 11 - (-22 - 32).
47
(2 - 3) + 10 - (-10 - -121 - 61)
-41
What is the value of -183 + 226 - (6 + 27)?
10
What is the value of 3 - (11 + (-1 + -1 - 4)) - -63?
61
(-5 + 36 + -33 - (-2 + 11)) + 4 + 49
42
Calculate (64 - 6) + 86 + 75 + -167.
52
11 + -26 - (-25 + 34)
-24
Evaluate 117 + (25 + -97 - 80).
-35
Evaluate 441 + -427 + 0 + 34.
48
Calculate (24 - 25) + -2 + (-102 - -10 - -2).
-93
What is -34 + 53 - (-22 - (-4 + 2))?
39
Evaluate -16 - 23 - -30 - (-92 - -41).
42
Calculate -28 + 24 - (-18 - 5) - 38.
-19
Evaluate (13 - (-4 - -23 - 16)) + (5 - 15 - -84).
84
-21 + (-5 - -10 - -18) + (12 - -62)
76
Evaluate -1 - ((73 - (26 + 1)) + -11).
-36
Calculate (-6 + (-6 - -15) + -5 - -11) + -22.
-13
Calculate 10 + (64 - (11 - -8)) + -21.
34
What is the value of -14 + 13 + 46 - -9 - (-2 - -6 - -5)?
45
12 - (-96 + 183 - 139)
64
What is the value of 0 + (-38 - -52 - (9 - (36 + 9)))?
50
Calculate 7 + 9 + 52 - (5 - -19).
44
What is the value of (25 + -44 - 10) + 43?
14
(-21 - -1) + (-195 - -230) + -120
-105
Evaluate -28 - -45 - (57 - 5) - 27.
-62
-2 + 4 - ((-261 - -143) + 0 + (5 - 10))
125
What is the value of -3 - ((-56 - -99) + (5 - 8) + -3)?
-40
Evaluate 1 - 5 - (-53 - (-241 - -159)).
-33
Evaluate (-34 - (24 - 66) - (-1 - 1)) + -135 + 8.
-117
Evaluate -16 + 16 - (49 + (62 - 200)).
89
What is ((25 - 14) + -15 - 22) + 24?
-2
What is (4 - (8 - (12 + -2) - -2)) + 9 + 0?
13
Evaluate 45 + (-62 - 28) + 56.
11
(29 - 25 - (38 + (14 - 31))) + 51
34
1386 - 1353 - (85 + -1)
-51
What is (2 - 3) + -36 + (38 - 21)?
-20
-22 + (42 - 70) + 63
13
What is -35 + (58 - 0) + -50 - 4?
-31
What is the value of 12 + -67 + (139 - 70)?
14
Calculate -12 + (2 - 6) - (221 - 190).
-47
Evaluate -1 + -55 - (170 + -367 + 216).
-75
What is the value of (-5 - (-18 + (47 - 23))) + -14?
-25
What is 0 + -20 - (47 + 21 - 96) - (0 + 59)?
-51
Evaluate -70 + 3 + 39 + 92.
64
Calculate -352 - -320 - (-5 + 17).
-44
What is the value of -72 + (-1016 + 1024 - (22 - (-1 + 3)))?
-84
What is -44 - (-20 - -57 - 118)?
37
What is 13 - ((14 - -12) + -45)?
32
-18 - (1 - 27) - (71 + (-1 - -7))
-69
What is the value of 65 - (14 + (-15 - (-8 + 9) - -10))?
57
(70 - (-5 + 6 - (11 + -20))) + -15
45
Calculate (10 - ((-9 - -2) + 25)) + -10.
-18
What is the value of -23 - (-52 - -7 - 14)?
36
(-22 + 42 - (72 - 72)) + 14 + -1
33
Calculate -40 - ((-16 + 9 + 4 - -5) + -7).
-35
(2 - 84 - (1 - -30)) + (5 - (-3 + 6))
-111
What is the value of (31 - (83 - 31)) + -29?
-50
Evaluate 592 + -581 - ((0 - -2) + -1 - 42).
52
Evaluate 1 - (-72 - (-3 + 0 - (-105 + 98))) - 1.
76
What is the value of (3 - -10) + -22 + (5 - -13) + -145?
-136
What is -14 - -4 - (75 - 59 - 1 - (0 + -10))?
-35
Evaluate (-1 - -5) + 2081 + -2101.
-16
What is 47 - 28 - 15 - (8 + 22 + -4)?
-22
Calculate (2 - 2) + 27 + (-17 - 27).
-17
(-39 - 2) + -104 - -44
-101
Evaluate (5 - 11) + 68 + -1 + 6 + -16.
51
-2 - (12 - (-1 + (6 - -9)) - (65 - 3))
62
What is the value of -29405 + 29490 + (-82 - 0)?
3
Evaluate 86 + (-22 - 124 - -60).
0
Evaluate (92 - (86 + -6)) + (1 - 53).
-40
What is the value of 76 + 68 + -153 + 63?
54
What is 50 + (-9 + -11 + 3 - -1 - -14)?
48
What is the value of 40 - -18 - 42 - (16 + 2)?
-2
Evaluate (3036 - 3068) + 1 + 36.
5
63 - 101 - -129 - 48
43
What is the value of -195 - -214 - (-4 - (-7 + -6))?
10
What is the value of 0 + 0 - -6 - (-3126 + 3156)?
-24
What is -56 + (-9 - (-10 + -9))?
-46
What is (52 - 33) + (32 - (-27 - -25))?
53
Calculate -12 + -9 + -10 + (38 - 12) + -88.
-93
What is -56 + (45 + -35 - -51)?
5
Calculate (-147 - -93 - -58) + -38 + -2 + 1.
-35
What is 33 - (-76 - (-214 - -52))?
-53
Calculate 286 - 219 - (-1 - -47).
21
Calculate -159 + (105 - 32) - -66.
-20
Evaluate 25 + -18 + -22 - (30 - 6).
-39
Evaluate -3 + -4 - (-31 + -16 + 66).
-26
Evaluate 53 - (2 + -3 + (9 - -12 - 9)).
42
-5 + 20 + (140 - 158) + (1 - -3)
1
7 - ((29 - 56 - -25) + -3)
12
Calculate (1 - -12) + -1 + 35 + (65 - 163).
-51
What is the value of -10 - 0 - (188 - 75 - 34 - (-11 - 1))?
-101
Calculate 49 - (-63 - -105) - (-33 - -4).
36
What is -14 - (100 - (109 + -59))?
-64
Calculate (24 - (-38 - -68)) + (5 - 4) + 3 + -3.
-5
What is the value of (97 - 52) + -48 + (-1 - -9)?
5
Evaluate -3 - 172 - (254 + -345).
-84
Calculate -6 - (1 - (-232 - -250 - (31 - 0))).
-20
What is the value of -5 - 0 - (50 + 150 + -216)?
11
Calculate (0 - -13) + 21 + -19 + (-6 - 2 - 10).
-3
Calculate 3 + (8 - (51 + -34)).
-6
What is the value of -37 + (40 - 30) - -20 - (1 + -30)?
22
What is the value of -45 - ((-5 - (3 + -2 + -1)) + (1618 - 1613))?
-45
Calculate -9 + -1 + (-10 + 54 - 3) + -2.
29
What is -21 - -14 - (-16 + (93 - -13))?
-97
What is the value of 89 + (-18 - (129 + -11))?
-47
What is 15 + 39 + 26 - 18 - 4?
58
Calculate (-47 - -10 - (-5 - 1)) + (10 - (5 + -5)).
-21
What is the value of 38 - 12 - (11 + -8 - (-7 - -20))?
36
Calculate (16 + -10 + -7 - 20) + -1.
-22
Evaluate -3 + (-3 - -13) + (-44 - -45 - 50).
-42
Calculate (-72 - -12) + (-11 - 4) + -24.
-99
What is 32 + 54 + -87 + -10?
-11
-56 + 102 + (49 - 68)
27
What is 114 - (-101 + 350) - (7 - 2 - -2)?
-142
(2 - 11) + (907 - 774)
124
Evaluate 78 + 0 + (1 - -2) - (56 - (-21 + 67)).
71
-36 - -2 - (8 - (41 + -43))
-44
What is -3 + -1 - (21 - (49 + -28) - -4) - -26?
18
What is the value of (0 - -18 - -7) + (48 - 90)?
-17
What is the value of (692 - 778) + (-6 - -170)?
78
Evaluate -20 + 36 - 34 - -75.
57
Evaluate 21 - -21 - 11 - 61.
-30
What is -3 - (9 - (-1 + -5 - (1 - -3)))?
-22
174 + -124 + 70 - 46
74
Evaluate 20 - -4 - 6 - (559 + -476).
-65
What is -13 + (-10 + -4 - (24 + -36))?
-15
Evaluate -32 - (-1 + 4) - (-295 + 304).
-44
What is the value of -10 + (14 - (7 + -2) - 3) - (-11 - -8)?
-1
What is the value of 9 + 9 + -32 - (97 + (6 - -1 - 2))?
-116
-6 + -5 + 134 + -1 - ((-37 - -44) + 1)
114
What is the value of 19 - -98 - 111 - -65?
71
What is the value of 12 + -2 + (-8 - (-3 + 7)) + 4?
2
Evaluate -98 + -31 - (108 - 183).
-54
-8 + 10 + 14 - 6 - (0 + (-1 - -4))
7
Evaluate -7 + 16 + (-10 - -3) + 4 - (32 + 6).
-32
What is the value of -30 - ((-41 - -12) + (-2 - 97)) - (0 - 8)?
106
What is (-281 - (-150 + 149)) + 134?
-146
2 + (2 - (3 - (9 + -24))) + 18
4
Evaluate (9 + -16 + 20 - 18 - -1